w = -1333, -2*b - 2*w + 1336 = 0. What are the prime factors of b?
23, 29
Let o(b) = b**2 - b + 83. Let a be o(0). Let u = a - 54. Suppose 0 = -m + u + 11. What are the prime factors of m?
2, 5
Let d = 3894 - 792. List the prime factors of d.
2, 3, 11, 47
List the prime factors of (6 + (-36)/(-16))*220 - -5.
2, 5, 7, 13
Let b = -3 + 7. Suppose 0 = -d + b*d - 546. Suppose 0 = 2*y + 40 - d. What are the prime factors of y?
71
Let s(i) = -i**3 - 3*i**2 + 4*i + 1. Let v be s(-4). List the prime factors of (43 - 49)*(1 - v - 15).
2, 3, 5
Let i(a) = -132*a + 229. What are the prime factors of i(-6)?
1021
Suppose 23 = -5*j + 3. What are the prime factors of j*6/((-72)/21)?
7
Let f be (36/24)/((-6)/28). What are the prime factors of (-16)/(-3)*(f - -16)?
2, 3
List the prime factors of 3/(-30) + (-10351)/(-10).
3, 5, 23
Let d(o) = -o**2 - 13*o + 8. Suppose 4*c = 12, -2*c + 14 = -3*b + 2*b. List the prime factors of d(b).
2, 3
Suppose -15*b + 46 = -13*b. Suppose -22*g = -b*g + 36. Suppose g = -4*m + 6*m. What are the prime factors of m?
2, 3
Let c(a) = 5*a - 3. Let s be c(6). Let i(b) = -b + 3. Let g be i(0). Suppose s = g*k - 15. List the prime factors of k.
2, 7
Let a be 12*(3 - 11/4). Suppose -z + 3*m - 44 = -2*m, -5*z - a*m - 220 = 0. List the prime factors of (-7 - z) + (-2)/(-2).
2, 19
Suppose 3*d + d = 0. Suppose 2*t - 185 + 61 = d. List the prime factors of t.
2, 31
Let d(b) = b**3 - 10*b**2 - 4*b - 15. Suppose -2*q - 3*t + 20 = 2*t, 0 = 3*t - 12. Let u(s) = -s + 11. Let i be u(q). List the prime factors of d(i).
2, 31
Let n(g) = -g**3 - 4*g**2 + 5. Let q be n(-3). List the prime factors of -1 - (2 + -64 + q).
5, 13
Let g(w) = w**2 - 21*w - 16. Let u be (-161)/(-7) - 2*1/(-2). List the prime factors of g(u).
2, 7
Let u = 0 + -2. Let y be (-34)/51*3/u. List the prime factors of 4 - 1 - (-10 - y).
2, 7
Suppose 2*l = -x + 2743 + 145, -5821 = -2*x + 5*l. What are the prime factors of x?
2, 3, 7, 23
Suppose 5*m + 2*o + 2*o = 31, -o = -2*m + 2. Suppose 0 = m*t + t - 32. Let a = t + -1. What are the prime factors of a?
7
What are the prime factors of 1183 - (3 + 6 + -7)?
1181
Let b(u) = 4 - 2 + u**2 + 5*u - 10*u**2 + 4*u**2. Let q be b(-3). Let d = q + 99. What are the prime factors of d?
41
List the prime factors of (9 + (-511)/28)*-460.
5, 23, 37
Suppose -2*q + 0*q = -3*n - 19, 2*q = -3*n - 11. Suppose 0 = 4*k - 2*k. Suppose k = -q*a + 2 + 12. List the prime factors of a.
7
Suppose -174*w + 183*w - 7902 = 0. What are the prime factors of w?
2, 439
Let o(g) be the third derivative of -g**6/120 + g**5/12 - g**4/6 - g**3/6 + 2*g**2. Let i be o(3). Suppose -i*p + 10 = -10. List the prime factors of p.
2
Suppose k + 4*y = 2353 - 665, 2*y = -5*k + 8422. List the prime factors of k.
2, 421
Let z(g) = 2*g + 40. Let k be z(-18). What are the prime factors of 402/k + (27/(-6) - -5)?
101
Suppose -1524 = -2*y - 5*k + 524, -2*y + k + 2060 = 0. List the prime factors of y.
3, 7
Suppose 0 = -2*c - 0*c. Let l = c + 4. Suppose -v - 18 = -l*v. What are the prime factors of v?
2, 3
Let r(k) = -k**2 - 8*k + 6. Let j be r(5). Let i = 113 + j. List the prime factors of i.
2, 3
Let p(v) be the first derivative of -v**2/2 + 41*v + 15. What are the prime factors of p(0)?
41
Suppose 28 = 3*j - 98. List the prime factors of j.
2, 3, 7
Suppose w - 272 = 90. What are the prime factors of w?
2, 181
Let u be 13 + (-7)/(21/9). Suppose -2*v - u*v + 2628 = 0. List the prime factors of v.
3, 73
Let h = -22 - -27. Suppose -3*n + h*n - 182 = 5*d, -4*d + 65 = n. What are the prime factors of n?
3
Let c be (-4)/(-12) - 69/(-9). Let f(a) = 7*a - 5*a + 4*a**2 - c*a**2 + 3 - a**3 + 4. What are the prime factors of f(-5)?
2, 11
Let p(u) = -u**2 + 7*u - 4. Let l be p(3). Let r = -6 + l. Suppose r*q + 17 = 63. List the prime factors of q.
23
Suppose 3*h + t - 562 = 3*t, 5*t = h - 196. Let l = -46 + h. Suppose k = -3*k + l. What are the prime factors of k?
5, 7
Let h = -586 - -984. List the prime factors of h.
2, 199
Suppose -2*s + 0 + 8 = 0. Suppose 3*u + z = -2 + 6, 32 = s*u - 4*z. What are the prime factors of 15/(u/(-6)*-2)?
3, 5
Let v be (-154)/(-30) + (-2)/15. Suppose v*o - 130 = -3*g + 2*g, 0 = 4*g - 4*o - 568. List the prime factors of g.
2, 5, 7
Let u be -2 + (-3 + 2)*-34. Suppose -5*v + 20 = -w - 4*w, -u = -3*v - w. Suppose v = n - 22. What are the prime factors of n?
31
Let g be (-19 - -1)/(2/(-252)). What are the prime factors of g/30 + 6/(-10)?
3, 5
Let h be (160/(-6))/(7/21). Let q = -32 - h. List the prime factors of q.
2, 3
Let s(f) = 45*f. Let p(i) = 5*i. Let j(t) = 55*p(t) - 6*s(t). Let y be j(3). List the prime factors of y*(-2)/((-20)/18).
3
Suppose -31274 = -30*y + 28516. What are the prime factors of y?
1993
What are the prime factors of 932 + (-25)/15*-3?
937
Suppose -16*l + 10128 = -10*l. What are the prime factors of l?
2, 211
Let f = -118 - -120. Suppose -5*g + g = -z + 173, -f*g + 10 = 0. List the prime factors of z.
193
Suppose m = -0*m - 2. Let a be (2 + -3)/(m/(-4)). List the prime factors of 54/(2 - -1) + a.
2
Suppose 2*x - 7 = x - 2*a, 2*x - 18 = -3*a. Let h be 5/(x/(-6))*-1. Suppose 2*l - 4*r = -0*r, -4*l = h*r - 40. What are the prime factors of l?
2
Let n(f) be the second derivative of 9*f + 3*f**2 + 0 - 2/3*f**3 + 1/12*f**4. What are the prime factors of n(-6)?
2, 3, 11
Suppose 0 = -4*s - 3*w + 127 + 4, -165 = -5*s - 5*w. List the prime factors of s.
2
Let l(z) = z**3 - 17*z**2 + 17*z - 13. Let p be l(16). Suppose 0 = 4*x + 5*b - 13, p*x - 2*x = 4*b - 2. List the prime factors of x.
2
Suppose 0 = -9*m - 1246 + 4252. List the prime factors of m.
2, 167
Let j = 15 + -10. Let s = -6 + j. What are the prime factors of ((-5)/(-10))/(s/(-22))?
11
Let p(f) = 4*f**2 + 20. Let b be ((-21)/6 - 0)*(9 - 7). List the prime factors of p(b).
2, 3
Let c = 34 - 26. Suppose -12*h + 72 = -c*h. What are the prime factors of h?
2, 3
Let h be ((-1)/3)/(16/(-48)). Let f(q) = 114*q - 3. What are the prime factors of f(h)?
3, 37
Let m be (174/4)/((-9)/(-108)). Suppose 13*h - m = 7*h. List the prime factors of h.
3, 29
Suppose 5*t + o - 218 = 0, -112*t + 108*t + 178 = -o. List the prime factors of t.
2, 11
Let z(p) be the first derivative of 17*p**2/2 - 5*p - 6. List the prime factors of z(2).
29
Let m(p) = -p**2 - 6*p + 10. Let j be m(-7). Suppose j*f + 5 = -10. Let v = 10 + f. What are the prime factors of v?
5
Let v = -31 + 32. List the prime factors of 0/v + (124/1)/2.
2, 31
Suppose -18 - 18 = -2*v. Let p = v - 15. Suppose p*r - 49 = 32. What are the prime factors of r?
3
Let s be 1*28 - (1 - -2). Let w be s + 6*(-2)/4. Let n = w - -1. What are the prime factors of n?
23
Let d(l) = l**2 + 24. Let f be d(0). Suppose 0 = -3*t + 6 + f. Let h = 4 + t. List the prime factors of h.
2, 7
Suppose 4*i + 0*i = -4. Let p(l) = -4*l + 1. Let f be p(i). Suppose b - 5*d - 45 = 0, -d + 169 = f*b + 2*d. List the prime factors of b.
5, 7
Let q(g) = 5*g + 11. Let v(c) = c**3 + 7*c**2 - 10*c - 12. Let h be v(-8). What are the prime factors of q(h)?
31
Let i be (-45)/(-25) - (-3)/15. Suppose i*f - 32 = -4*b - 10, 5*b - f = 38. List the prime factors of b.
7
Suppose 37 = -5*q + 112. Let i = q - 7. Let k = i - -5. What are the prime factors of k?
13
Let f(c) = 17*c**2 + 27*c + 157. What are the prime factors of f(-7)?
3, 89
List the prime factors of -10 + 7 + (-618)/(-2).
2, 3, 17
Suppose -l + 91 + 46 = 0. Let c = l - 93. List the prime factors of c.
2, 11
Suppose 3*h = 4*d + 2537, 2*h - h = 2*d + 843. What are the prime factors of h?
23, 37
Let n = 570 + -333. Suppose -2*f + 82 = -2*w, -n = -3*f - 2*f - 3*w. What are the prime factors of f?
3, 5
Let h(w) = w**3 - 8*w**2 + 7*w + 10. Let s be h(7). Suppose -s*i + 4*i + 162 = 0. List the prime factors of i.
3
Let c(p) = -2*p**3 - 3*p**2. Let q be c(-2). Let k be q - 2 - (4 - 25). List the prime factors of (-6)/(-7)*(-2 + k).
2, 3
Let o(z) = -z**3 - 9*z**2 + 13*z + 10. Let u be 144/(-14) - 10/(-35). Let b be o(u). List the prime factors of (b*(1 + 0))/(-1).
2, 5
Let n = -59 - -61. Suppose -n*p + 434 = 4*l, -318 = -3*p + 5*l + 311. What are the prime factors of p?
3, 71
Suppose 227 = n + 6*s - 4*s, -4*s = -12. List the prime factors of n.
13, 17
Let i(l) = l**2 + 7*l - 1. Let g(d) = -2*d + 3. Let s be g(-4). Let y = s + -21. What are the prime factors o